ate the greatest common divisor of 78 and 6525506.
26
Calculate the greatest common divisor of 36984027 and 177888.
5559
Calculate the greatest common factor of 1068 and 38513148.
1068
Calculate the highest common divisor of 22 and 119267786.
22
Calculate the greatest common factor of 206 and 194398080.
206
Calculate the greatest common divisor of 241261146 and 63.
63
Calculate the highest common divisor of 160704 and 53190432.
2592
Calculate the highest common divisor of 1826394 and 1007.
19
What is the highest common divisor of 12666 and 461758029?
6333
Calculate the greatest common divisor of 32351154 and 33.
33
What is the greatest common factor of 528372 and 55692?
468
Calculate the greatest common factor of 68571 and 225891.
171
Calculate the greatest common factor of 1289 and 120815.
1
Calculate the highest common factor of 207236546 and 22.
22
What is the highest common factor of 86346 and 182?
26
What is the greatest common factor of 229285 and 11060?
35
What is the greatest common factor of 7608 and 949980528?
7608
What is the greatest common factor of 1173 and 4868664?
51
What is the highest common divisor of 8 and 284703296?
8
What is the highest common divisor of 364 and 5022220?
28
Calculate the highest common factor of 26205 and 612585.
15
What is the highest common divisor of 443049 and 24797902?
6421
What is the highest common divisor of 287095 and 204350?
335
Calculate the highest common divisor of 112578996 and 636.
636
Calculate the greatest common factor of 204704 and 1888.
32
Calculate the greatest common factor of 1392 and 8643102.
174
Calculate the highest common factor of 19 and 31638458.
19
What is the greatest common divisor of 231140916 and 168?
12
Calculate the highest common divisor of 41552660 and 20.
20
What is the greatest common divisor of 4162110 and 1275?
255
Calculate the greatest common divisor of 73133676 and 18018.
1386
Calculate the highest common factor of 356600 and 40968.
8
Calculate the greatest common divisor of 139720 and 1576.
8
Calculate the highest common factor of 936 and 13677651.
117
Calculate the greatest common divisor of 56425 and 4646275.
925
What is the highest common divisor of 12992 and 143934656?
1856
What is the greatest common factor of 3536 and 184784?
16
What is the greatest common factor of 115920 and 1733165?
805
What is the highest common divisor of 1058 and 10570800?
46
Calculate the greatest common factor of 5912325 and 5643.
513
What is the greatest common divisor of 9873997 and 308?
7
What is the highest common divisor of 21 and 1572892251?
21
What is the greatest common divisor of 102378 and 69156?
678
What is the greatest common factor of 259 and 1204757?
37
Calculate the highest common divisor of 1265110 and 1780020.
3410
What is the greatest common divisor of 13398 and 1061082?
66
Calculate the highest common divisor of 979 and 207991487.
979
Calculate the highest common divisor of 3741 and 356091.
87
What is the greatest common divisor of 918099 and 8037?
171
What is the highest common factor of 28900 and 137629025?
7225
Calculate the highest common factor of 3655 and 44198840.
215
What is the highest common factor of 20046 and 11251203?
771
Calculate the greatest common factor of 574 and 5657666.
14
Calculate the greatest common factor of 69 and 13348487.
23
Calculate the greatest common factor of 8499 and 1347.
3
Calculate the highest common divisor of 724913604 and 227.
227
What is the highest common divisor of 30437544 and 6?
6
What is the highest common factor of 15012272 and 11?
11
What is the highest common factor of 75 and 9643365?
15
What is the highest common factor of 135 and 1417505?
5
Calculate the highest common factor of 3456 and 18153472.
128
What is the highest common divisor of 1593 and 6771843?
1593
What is the highest common factor of 960 and 3117300?
60
Calculate the highest common factor of 64240 and 996304.
1168
Calculate the highest common divisor of 510941044 and 382.
382
What is the highest common divisor of 150 and 458815575?
75
What is the highest common factor of 16982 and 21742?
14
Calculate the highest common divisor of 3137 and 77003939.
3137
What is the greatest common divisor of 36186 and 2956596?
222
What is the highest common divisor of 329670 and 3465?
495
Calculate the highest common factor of 14014 and 368224857.
7007
Calculate the highest common factor of 2079 and 581553.
189
Calculate the highest common factor of 3355889 and 20987.
677
What is the greatest common factor of 139687 and 15662?
41
Calculate the greatest common divisor of 121496223 and 9.
3
What is the highest common divisor of 618 and 126888?
6
Calculate the highest common factor of 7500519 and 2754.
1377
Calculate the greatest common divisor of 62391 and 83076.
21
Calculate the highest common divisor of 413252805 and 315.
105
What is the highest common factor of 87606144 and 1024?
128
Calculate the highest common factor of 16693269 and 102.
51
What is the highest common factor of 731 and 993048149?
731
What is the highest common factor of 174077514 and 468?
234
What is the highest common divisor of 37 and 7993324?
1
What is the greatest common factor of 2242 and 140692226?
2242
What is the greatest common divisor of 152 and 9304?
8
Calculate the greatest common factor of 816110 and 11750.
10
What is the highest common factor of 26070449 and 4060?
29
What is the highest common divisor of 244153704 and 24?
24
What is the greatest common divisor of 41905417 and 26440?
661
Calculate the greatest common factor of 362262 and 23874.
1038
Calculate the highest common divisor of 65736 and 550456.
664
What is the highest common factor of 25077798 and 34338?
582
What is the highest common factor of 58188 and 598416?
156
What is the highest common divisor of 2211 and 7254492?
201
Calculate the highest common factor of 29234909 and 5566.
253
Calculate the highest common factor of 1611 and 2916805.
179
What is the highest common divisor of 1311 and 19821?
3
What is the greatest common divisor of 27845960 and 15?
5
Calculate the greatest common divisor of 842536 and 1539.
19
What is the greatest common divisor of 7100 and 718520?
1420
Calculate the greatest common factor of 1964659737 and 47.
47
Calculate the highest common factor of 441 and 38897460.
63
Calculate the highest common divisor of 365787212 and 14.
14
What is the greatest common factor of 20559 and 366828?
231
What is the highest common divisor of 11615 and 30876205?
505
Calculate the highest common factor of 838269 and 2862219.
393
What is the highest common divisor of 114 and 251932?
2
What is the greatest common divisor of 6125 and 363625?
125
What is the highest common divisor of 3063205667 and 8597?
8597
What is the highest common divisor of 13584 and 177233844?
3396
What is the greatest common factor of 275 and 3428725?
25
What is the highest common divisor of 6138 and 1229778?
198
What is the highest common divisor of 96 and 608984100?
12
What is the highest common divisor of 3724998 and 80534?
1202
What is the greatest common factor of 490 and 609098?
14
What is the greatest common divisor of 206832 and 1868928?
1488
Calculate the greatest common divisor of 699 and 86199.
3
What is the greatest common factor of 10815608 and 1160?
232
Calculate the greatest common divisor of 251080448 and 512.
256
Calculate the highest common divisor of 131012 and 2241241.
4679
What is the greatest common divisor of 170774 and 4722550?
206
Calculate the highest common factor of 188 and 31622144.
4
Calculate the highest common divisor of 14 and 18015566.
2
Calculate the highest common divisor of 325 and 1057355.
65
What is the highest common factor of 466 and 70594806?
466
Calculate the highest common factor of 5554334 and 36326.
886
What is the greatest common divisor of 111111 and 290059?
77
Calculate the highest common divisor of 451911838 and 1091.
1091
What is the greatest common factor of 2703780 and 9315?
405
What is the highest common divisor of 21187026 and 252?
126
What is the greatest common factor of 4329 and 1157936?
13
Calculate the highest common divisor of 256198475 and 7930.
3965
Calculate the highest common divisor of 132451440 and 65340.
7260
Calculate the highest common divisor of 47 and 306383882.
47
